6 = 4*k - 0*k + 4*g, -2*k + 29 = g. What is the highest common divisor of t and k?
15
Let l(g) = g**2 + 127*g + 842. Let q be l(-7). Calculate the highest common factor of q and 244.
2
Let u be 6/(-10) - (-1872)/45. Suppose -u*s + 43*s = 120. What is the highest common factor of s and 48?
12
Let m(d) = -213*d - 2375. Let w be m(-20). What is the highest common divisor of w and 260?
65
Suppose 5*a - 115 = 55. Let q = 724 - 418. Calculate the highest common factor of a and q.
34
Suppose 0 = 18*y - 4*y - 7392. Suppose 9*l - 21*l = -y. Let z be 6*(55/3)/5. Calculate the greatest common factor of l and z.
22
Let t(s) = -4*s**2 - 63*s - 183. Let y be t(-9). Calculate the greatest common divisor of 220 and y.
20
Let g(p) = p**3 + 13*p**2 - 6*p - 58. Suppose 2*j = 0, 18 + 21 = -3*t + 5*j. Let y be g(t). Let h = 3 + 17. What is the highest common factor of h and y?
20
Let i be 2*((-5)/(-2) - 0). Suppose -i*f = h - 302, -3*h + 8 = h. Let z = 92 - f. What is the greatest common factor of z and 96?
32
Let n(i) = -i**3 + 38*i**2 + 98*i - 162. Let h be n(40). What is the highest common factor of 306 and h?
18
Let p be (-483)/(-3) - 33/(-3). Calculate the greatest common factor of p and 14.
2
Let g = -45 - -36. Let q be 15/g + 2 + (-460)/(-6). Suppose -13 = -i - 2*h, -14*h - 10 = -i - 13*h. What is the highest common divisor of i and q?
11
Let m(o) be the second derivative of 7*o**4/12 - 17*o**3/3 - 13*o**2/2 - 8*o + 4. Let f be m(11). Calculate the highest common factor of 5 and f.
5
Let n = 113 - 91. Let l = n - -26. Calculate the greatest common factor of l and 16.
16
Suppose -27*f - 1393 = -1528. Calculate the greatest common factor of f and 12265.
5
Let c = 80 - -4. Suppose 0*v + 3*v = c. Let d(r) = r**3 - 9*r**2 + 18*r + 4. Let f be d(6). What is the highest common factor of v and f?
4
Let h be 8 - (-13)/(78/(-12)). Let z = -90 + 120. Calculate the highest common factor of h and z.
6
Let b = 243 - 57. Calculate the highest common divisor of 3255 and b.
93
Let f(w) = 222*w**2 + 4*w - 1. Suppose j + 37 = 38. Let c be f(j). What is the greatest common divisor of 135 and c?
45
Let b = 254 - 211. Suppose -4*x = b - 103. Calculate the highest common divisor of 2 and x.
1
Suppose 49*i - 8989 = -169. Calculate the highest common divisor of 284 and i.
4
Let c = 520 - 502. Suppose 0 = -3*d + 5*m + 50, -26*d - c = -27*d + m. Calculate the highest common factor of d and 32.
4
Let s(p) = -11*p + 184. Let j be s(8). Calculate the greatest common factor of 54 and j.
6
Let z be 82*6 + ((-4)/(-16))/(4/(-128)). Calculate the greatest common factor of z and 1584.
44
Suppose 30*d - 36*d = -24. Suppose 0 = -3*j + d*g + 376, 67 = j - 4*g - 45. What is the greatest common factor of 48 and j?
12
Let y(f) = 13*f**2 - 45*f - 417. Let k be y(-26). Calculate the greatest common factor of 47 and k.
47
Suppose -j + 144 + 4 = 0. Suppose -4*g = -2*c - c + j, 0 = 2*c + g - 84. Let r = c - 16. What is the greatest common factor of 56 and r?
28
Let r be (-4050)/(-20) + (-3)/(-2). Let a = -48 + r. Calculate the greatest common divisor of a and 12.
12
Let z(a) = 2*a + 2*a - 1 - 4*a + a. Let x(r) = -r**3 + 11*r**2 - 10*r + 14. Let w be x(10). Let k be z(w). Calculate the highest common divisor of 117 and k.
13
Let a = -11448 + 11532. What is the highest common factor of a and 651?
21
Suppose -3*w - 918 = -4*q, 7*q = 6*q. Let z be (-561)/w - 2/(-12). What is the highest common divisor of z and 58?
2
Let w be 1/((-5)/((-530)/(-2))). Let g = w - -29. Let y = 8 - g. Calculate the highest common factor of 12 and y.
4
Let w be ((-2)/(-3))/(5/15). Suppose 4*u = -w*y, 0*y + y - 5 = 3*u. Let d be 282/12 - (y - 5/2). What is the highest common factor of 60 and d?
12
Suppose -2*n = 4*v + n + 7, 26 = 3*v - 4*n. Suppose 1 + 11 = v*c. Let d(s) = s**2 - 10*s - 69. Let y be d(-5). What is the highest common factor of y and c?
6
Suppose -h = -2*d + 15401 - 15331, 0 = 3*d + 2*h - 84. Let a = 766 - 174. Calculate the highest common divisor of d and a.
16
Let y = 315 + -307. Suppose 4*h = -y*h + 9804. Calculate the highest common divisor of 43 and h.
43
Suppose 0 = 3*s - 6, 0 = -6*n + 3*n + 4*s + 4. Let z be 24*(-6)/(-40) - 4/(-10). Calculate the greatest common divisor of z and n.
4
Suppose -29*z = 14*z + 9558 - 32262. Let l be 6*(-2 + 8/3). Suppose -l*x - 2*f + 528 = f, 4*x = 5*f + z. Calculate the greatest common factor of x and 12.
12
Suppose 0 = 31*c + 324*c - 9230. Calculate the highest common divisor of 3146 and c.
26
Let i be ((-10)/1)/(5 + -6). Let f = 10 + -8. Suppose 70 = 2*g - 5*a, 0 = -3*g + a + f*a + 96. What is the greatest common divisor of g and i?
10
Let h(w) = w**3 + 30*w**2 - 39*w + 28. Let k be h(-20). Let l be 14/49 + k/28. Calculate the highest common divisor of l and 16.
4
Suppose 0 = -7*q + 10*q + 4*r - 274, 0 = -5*q + 3*r + 505. Calculate the highest common factor of 4606 and q.
98
Let a(z) = z**3 - 8*z**2 - 9*z + 3. Let f be a(9). Suppose 5*o = f*m + 128 + 37, 0 = 4*m. Let n = o - -12. What is the greatest common divisor of n and 5?
5
Let c = 96 - 68. Suppose 3*q = -2*y + 7*q + c, y - 39 = -3*q. What is the greatest common factor of y and 40?
8
Let v be (-189)/(-3)*1 + 0 + 12/6. Calculate the highest common divisor of v and 10855.
65
Suppose 0 = 4*c + 4*g - 6844 - 1768, -5*g + 8609 = 4*c. What is the greatest common divisor of c and 88?
44
Let l = -33855 + 34266. Calculate the highest common divisor of l and 3.
3
Let j be 87*(-2)/(-3) - 2. Let u = -50 - -64. What is the greatest common divisor of u and j?
14
Let d = 394 + -315. Suppose 5*r - d = -s, 20*r = 19*r + 5. What is the greatest common divisor of 27 and s?
27
Let y = -162 + 206. Calculate the highest common factor of y and 121.
11
Let s(v) = v**2 + 2*v - 13. Suppose 11*q - 67 = 65. Let u = 6 - q. Let m be s(u). Calculate the highest common factor of 99 and m.
11
Let v be 5 + (-57)/19 + (3 - -193). What is the greatest common factor of v and 87?
3
Let d(h) = h**3 - h**2 + h. Let i(x) = 30*x**3 - 11*x - 2. Let a(v) = -5*d(v) - i(v). Let u be a(-2). Calculate the highest common divisor of u and 10.
10
Let p be 3*(-2 + ((-13)/3)/(-1)). Let t be p + -11 - 8/(-2). Let x(s) = s**3 - s**2 - s + 320. Let o be x(t). Calculate the highest common factor of 40 and o.
40
Let f be 3 - (3 - 3) - (-40)/8. Let c be 8 + 88/f + -4. What is the highest common factor of c and 2?
1
Let d = -5906 - -6452. What is the highest common divisor of d and 378?
42
Let w(c) = -26*c - 7. Let n be w(-5). Let b = n - 110. Suppose b*h - 112 = 9*h. Calculate the greatest common divisor of 126 and h.
14
Suppose 4*l - 34 + 18 = 0. Let n = -389 + 481. What is the greatest common factor of n and l?
4
Let p(m) be the second derivative of 10*m**3/3 + 31*m**2/2 + 44*m. Let d be p(-1). What is the greatest common divisor of d and 341?
11
Let s = -614 + 899. Let q = s + -479. Let k = 78 - q. What is the highest common factor of 34 and k?
34
Suppose 16*l - 321 = 1146 + 597. What is the highest common divisor of 2193 and l?
129
Let p be 28/(-10)*(36 - 46). Let f be 8/p - (480/(-35) + -5). Calculate the greatest common factor of 19 and f.
19
Let y(w) = -3*w**2 + 26*w - 31. Let k be y(6). What is the greatest common factor of 4 and k?
1
Let y be 10*(58/14)/((-21)/(-147)). Calculate the greatest common divisor of y and 348.
58
Let d(f) = 2*f**3 + 53*f**2 + 8*f - 648. Let g be d(-21). Calculate the highest common divisor of g and 240.
15
Let z = -14623 - -14935. Calculate the greatest common divisor of 2652 and z.
156
Let j be 15/((-75)/(-2875)*23). Let n(q) = -q**2 + 80. Let m be n(0). Calculate the highest common factor of j and m.
5
Suppose -40*i - 44394 - 40235 + 344389 = 0. What is the highest common divisor of i and 191?
191
Let u(z) be the first derivative of z**3/3 - 19*z**2/2 + 4*z + 15. Let m be u(21). What is the greatest common divisor of 23 and m?
23
Suppose -25 = 5*f, -3*h = 3*f - f - 68. Suppose 0 = -8*g + 6 + h. Let u(n) = -n + 36. Let s be u(0). What is the highest common factor of g and s?
4
Let i(a) = a**3 - 6*a**2 - 9*a - 42 + 0*a**3 - a**2 + 0*a**2. Let h be i(10). What is the greatest common divisor of h and 14?
14
Let z(p) = p**3 + 3*p**2 - p + 1. Let u be z(4). Let l = u - -62. Let s be 21 + 2 + -14 + 10. What is the highest common divisor of s and